{"id":760,"date":"2024-10-14T15:00:07","date_gmt":"2024-10-14T15:00:07","guid":{"rendered":"https:\/\/renacereditorial.cl\/?page_id=760"},"modified":"2024-10-23T19:32:46","modified_gmt":"2024-10-23T19:32:46","slug":"recuerdos-de-mi-infancia","status":"publish","type":"page","link":"https:\/\/renacereditorial.cl\/index.php\/recuerdos-de-mi-infancia\/","title":{"rendered":"RECUERDOS DE MI INFANCIA"},"content":{"rendered":"<style>.kb-row-layout-id760_4ea77e-70 > .kt-row-column-wrap{align-content:start;}:where(.kb-row-layout-id760_4ea77e-70 > .kt-row-column-wrap) > .wp-block-kadence-column{justify-content:start;}.kb-row-layout-id760_4ea77e-70 > .kt-row-column-wrap{column-gap:var(--global-kb-gap-md, 2rem);row-gap:var(--global-kb-gap-md, 2rem);max-width:var( --global-content-width, 1290px );padding-left:var(--global-content-edge-padding);padding-right:var(--global-content-edge-padding);padding-top:116px;padding-bottom:60px;grid-template-columns:minmax(0, 1fr);}.kb-row-layout-id760_4ea77e-70 > .kt-row-layout-overlay{opacity:0.30;}@media all and (max-width: 1024px){.kb-row-layout-id760_4ea77e-70 > .kt-row-column-wrap{padding-top:60px;grid-template-columns:minmax(0, 1fr);}}@media all and (max-width: 767px){.kb-row-layout-id760_4ea77e-70 > .kt-row-column-wrap{padding-top:140px;grid-template-columns:minmax(0, 1fr);}}<\/style><div class=\"kb-row-layout-wrap kb-row-layout-id760_4ea77e-70 alignnone has-theme-palette8-background-color kt-row-has-bg wp-block-kadence-rowlayout\"><div class=\"kt-row-column-wrap kt-has-1-columns kt-row-layout-equal kt-tab-layout-inherit kt-mobile-layout-row kt-row-valign-top kb-theme-content-width\">\n<style>.kadence-column760_c2d218-5c > .kt-inside-inner-col,.kadence-column760_c2d218-5c > .kt-inside-inner-col:before{border-top-left-radius:0px;border-top-right-radius:0px;border-bottom-right-radius:0px;border-bottom-left-radius:0px;}.kadence-column760_c2d218-5c > .kt-inside-inner-col{column-gap:var(--global-kb-gap-sm, 1rem);}.kadence-column760_c2d218-5c > .kt-inside-inner-col{flex-direction:column;}.kadence-column760_c2d218-5c > .kt-inside-inner-col > .aligncenter{width:100%;}.kadence-column760_c2d218-5c > .kt-inside-inner-col:before{opacity:0.3;}.kadence-column760_c2d218-5c{position:relative;}@media all and (max-width: 1024px){.kadence-column760_c2d218-5c > .kt-inside-inner-col{flex-direction:column;}}@media all and (max-width: 767px){.kadence-column760_c2d218-5c > .kt-inside-inner-col{flex-direction:column;}}<\/style>\n<div class=\"wp-block-kadence-column kadence-column760_c2d218-5c inner-column-1\"><div class=\"kt-inside-inner-col\"><style>.kb-row-layout-id760_816615-48 > .kt-row-column-wrap{align-content:start;}:where(.kb-row-layout-id760_816615-48 > .kt-row-column-wrap) > .wp-block-kadence-column{justify-content:start;}.kb-row-layout-id760_816615-48 > .kt-row-column-wrap{column-gap:var(--global-kb-gap-md, 2rem);row-gap:var(--global-kb-gap-md, 2rem);max-width:600px;margin-left:auto;margin-right:auto;padding-top:0px;padding-bottom:0px;grid-template-columns:minmax(0, 1fr);}.kb-row-layout-id760_816615-48 > .kt-row-layout-overlay{opacity:0.30;}@media all and (max-width: 1024px){.kb-row-layout-id760_816615-48 > .kt-row-column-wrap{max-width:600px;margin-left:auto;margin-right:auto;grid-template-columns:minmax(0, 1fr);}}@media all and (max-width: 767px){.kb-row-layout-id760_816615-48 > .kt-row-column-wrap{grid-template-columns:minmax(0, 1fr);}}<\/style><div class=\"kb-row-layout-wrap kb-row-layout-id760_816615-48 alignnone wp-block-kadence-rowlayout\"><div class=\"kt-row-column-wrap kt-has-1-columns kt-row-layout-equal kt-tab-layout-inherit kt-mobile-layout-row kt-row-valign-top\">\n<style>.kadence-column760_ba8e2f-a1 > .kt-inside-inner-col,.kadence-column760_ba8e2f-a1 > .kt-inside-inner-col:before{border-top-left-radius:0px;border-top-right-radius:0px;border-bottom-right-radius:0px;border-bottom-left-radius:0px;}.kadence-column760_ba8e2f-a1 > .kt-inside-inner-col{column-gap:var(--global-kb-gap-sm, 1rem);}.kadence-column760_ba8e2f-a1 > .kt-inside-inner-col{flex-direction:column;}.kadence-column760_ba8e2f-a1 > .kt-inside-inner-col > .aligncenter{width:100%;}.kadence-column760_ba8e2f-a1 > .kt-inside-inner-col:before{opacity:0.3;}.kadence-column760_ba8e2f-a1{position:relative;}@media all and (max-width: 1024px){.kadence-column760_ba8e2f-a1 > .kt-inside-inner-col{flex-direction:column;}}@media all and (max-width: 767px){.kadence-column760_ba8e2f-a1 > .kt-inside-inner-col{flex-direction:column;}}<\/style>\n<div class=\"wp-block-kadence-column kadence-column760_ba8e2f-a1 inner-column-1\"><div class=\"kt-inside-inner-col\"><style>.wp-block-kadence-advancedheading.kt-adv-heading760_fd6fa6-d1, .wp-block-kadence-advancedheading.kt-adv-heading760_fd6fa6-d1[data-kb-block=\"kb-adv-heading760_fd6fa6-d1\"]{margin-bottom:20px;text-align:center;font-size:70px;line-height:70px;font-style:normal;}.wp-block-kadence-advancedheading.kt-adv-heading760_fd6fa6-d1 mark.kt-highlight, .wp-block-kadence-advancedheading.kt-adv-heading760_fd6fa6-d1[data-kb-block=\"kb-adv-heading760_fd6fa6-d1\"] mark.kt-highlight{font-style:normal;color:#f76a0c;-webkit-box-decoration-break:clone;box-decoration-break:clone;padding-top:0px;padding-right:0px;padding-bottom:0px;padding-left:0px;}@media all and (max-width: 1024px){.wp-block-kadence-advancedheading.kt-adv-heading760_fd6fa6-d1, .wp-block-kadence-advancedheading.kt-adv-heading760_fd6fa6-d1[data-kb-block=\"kb-adv-heading760_fd6fa6-d1\"]{font-size:55px;}}@media all and (max-width: 767px){.wp-block-kadence-advancedheading.kt-adv-heading760_fd6fa6-d1, .wp-block-kadence-advancedheading.kt-adv-heading760_fd6fa6-d1[data-kb-block=\"kb-adv-heading760_fd6fa6-d1\"]{font-size:45px;}}<\/style>\n<h1 class=\"kt-adv-heading760_fd6fa6-d1 wp-block-kadence-advancedheading\" data-kb-block=\"kb-adv-heading760_fd6fa6-d1\"><strong>Recuerdos de mi Infancia<\/strong><\/h1>\n<\/div><\/div>\n\n<\/div><\/div><\/div><\/div>\n\n<\/div><\/div>\n\n<style>.wp-block-kadence-spacer.kt-block-spacer-760_3fc3a7-46 .kt-block-spacer{height:75px;}.wp-block-kadence-spacer.kt-block-spacer-760_3fc3a7-46 .kt-divider{border-top-width:1px;height:1px;border-top-color:#eee;width:80%;border-top-style:solid;}<\/style>\n<div class=\"wp-block-kadence-spacer aligncenter kt-block-spacer-760_3fc3a7-46\"><div class=\"kt-block-spacer kt-block-spacer-halign-center\"><hr class=\"kt-divider\"\/><\/div><\/div>\n\n\n\n<div class=\"wp-block-columns is-layout-flex wp-container-core-columns-is-layout-9d6595d7 wp-block-columns-is-layout-flex\">\n<div class=\"wp-block-column is-layout-flow wp-block-column-is-layout-flow\" style=\"flex-basis:33.33%\"><style>.kb-image760_a5ffcb-70.kb-image-is-ratio-size, .kb-image760_a5ffcb-70 .kb-image-is-ratio-size{max-width:288px;width:100%;}.wp-block-kadence-column > .kt-inside-inner-col > .kb-image760_a5ffcb-70.kb-image-is-ratio-size, .wp-block-kadence-column > .kt-inside-inner-col > .kb-image760_a5ffcb-70 .kb-image-is-ratio-size{align-self:unset;}.kb-image760_a5ffcb-70{max-width:288px;}.image-is-svg.kb-image760_a5ffcb-70{-webkit-flex:0 1 100%;flex:0 1 100%;}.image-is-svg.kb-image760_a5ffcb-70 img{width:100%;}.kb-image760_a5ffcb-70 .kb-image-has-overlay:after{opacity:0.3;}<\/style>\n<figure class=\"wp-block-kadence-image kb-image760_a5ffcb-70 size-full\"><img loading=\"lazy\" decoding=\"async\" width=\"524\" height=\"800\" src=\"https:\/\/renacereditorial.cl\/wp-content\/uploads\/2024\/09\/recuerdo.jpg\" alt=\"\" class=\"kb-img wp-image-602\" srcset=\"https:\/\/renacereditorial.cl\/wp-content\/uploads\/2024\/09\/recuerdo.jpg 524w, https:\/\/renacereditorial.cl\/wp-content\/uploads\/2024\/09\/recuerdo-197x300.jpg 197w\" sizes=\"auto, (max-width: 524px) 100vw, 524px\" \/><\/figure>\n<\/div>\n\n\n\n<div class=\"wp-block-column is-layout-flow wp-block-column-is-layout-flow\" style=\"flex-basis:66.66%\"><style>.wp-block-kadence-advancedheading.kt-adv-heading760_7b58b4-31, .wp-block-kadence-advancedheading.kt-adv-heading760_7b58b4-31[data-kb-block=\"kb-adv-heading760_7b58b4-31\"]{font-style:normal;}.wp-block-kadence-advancedheading.kt-adv-heading760_7b58b4-31 mark.kt-highlight, .wp-block-kadence-advancedheading.kt-adv-heading760_7b58b4-31[data-kb-block=\"kb-adv-heading760_7b58b4-31\"] mark.kt-highlight{font-style:normal;color:#f76a0c;-webkit-box-decoration-break:clone;box-decoration-break:clone;padding-top:0px;padding-right:0px;padding-bottom:0px;padding-left:0px;}<\/style>\n<p class=\"kt-adv-heading760_7b58b4-31 wp-block-kadence-advancedheading\" data-kb-block=\"kb-adv-heading760_7b58b4-31\"><strong>RECUERDOS DE MI INFANCIA<\/strong><br>Suh-Yeen Rodr\u00edguez <br><br>Esta hermosa historia, est\u00e1 basada en las vivencias de la infancia de la autora, Suh-Yeen Rodr\u00edguez, recuerdos inolvidables que fue atesorando una peque\u00f1a ni\u00f1a con el pasar de los a\u00f1os, y que hoy, en su adultez, la lleva a escribir este bello y ansiado libro, para inmortalizar los recuerdos y dejar un gran legado&#8230; \u00abLa vida es bella si uno decide vivirla con amor y gratitud\u00bb<\/p>\n\n\n<style>.wp-block-kadence-advancedbtn.kb-btns760_4bc329-42{gap:var(--global-kb-gap-xs, 0.5rem );justify-content:flex-start;align-items:center;}.kt-btns760_4bc329-42 .kt-button{font-weight:normal;font-style:normal;}.kt-btns760_4bc329-42 .kt-btn-wrap-0{margin-right:5px;}.wp-block-kadence-advancedbtn.kt-btns760_4bc329-42 .kt-btn-wrap-0 .kt-button{color:#555555;border-color:#555555;}.wp-block-kadence-advancedbtn.kt-btns760_4bc329-42 .kt-btn-wrap-0 .kt-button:hover, .wp-block-kadence-advancedbtn.kt-btns760_4bc329-42 .kt-btn-wrap-0 .kt-button:focus{color:#ffffff;border-color:#444444;}.wp-block-kadence-advancedbtn.kt-btns760_4bc329-42 .kt-btn-wrap-0 .kt-button::before{display:none;}.wp-block-kadence-advancedbtn.kt-btns760_4bc329-42 .kt-btn-wrap-0 .kt-button:hover, .wp-block-kadence-advancedbtn.kt-btns760_4bc329-42 .kt-btn-wrap-0 .kt-button:focus{background:#444444;}<\/style>\n<div class=\"wp-block-kadence-advancedbtn kb-buttons-wrap kb-btns760_4bc329-42\"><style>ul.menu .wp-block-kadence-advancedbtn .kb-btn760_ad70eb-92.kb-button{width:initial;}<\/style><a class=\"kb-button kt-button button kb-btn760_ad70eb-92 kt-btn-size-standard kt-btn-width-type-auto kb-btn-global-fill kt-btn-has-text-true kt-btn-has-svg-false wp-block-kadence-singlebtn\" href=\"https:\/\/www.amazon.com\/-\/es\/Suh-Yeen-Rodriguez\/dp\/B0B925X34V\/ref=tmm_pap_swatch_0?_encoding=UTF8&#038;qid=&#038;sr=\" target=\"_blank\" rel=\"noreferrer noopener\"><span class=\"kt-btn-inner-text\">Comprar<\/span><\/a><\/div>\n<\/div>\n<\/div>\n\n\n<style>.wp-block-kadence-spacer.kt-block-spacer-760_0a5c8d-86 .kt-block-spacer{height:60px;}.wp-block-kadence-spacer.kt-block-spacer-760_0a5c8d-86 .kt-divider{border-top-width:1px;height:1px;border-top-color:#eee;width:80%;border-top-style:solid;}<\/style>\n<div class=\"wp-block-kadence-spacer aligncenter kt-block-spacer-760_0a5c8d-86\"><div class=\"kt-block-spacer kt-block-spacer-halign-center\"><hr class=\"kt-divider\"\/><\/div><\/div>\n\n\n<style>.wp-block-kadence-advancedbtn.kb-btns760_f6e3d5-6d{gap:var(--global-kb-gap-xs, 0.5rem );justify-content:flex-start;align-items:center;}.kt-btns760_f6e3d5-6d .kt-button{font-weight:normal;font-style:normal;}.kt-btns760_f6e3d5-6d .kt-btn-wrap-0{margin-right:5px;}.wp-block-kadence-advancedbtn.kt-btns760_f6e3d5-6d .kt-btn-wrap-0 .kt-button{color:#555555;border-color:#555555;}.wp-block-kadence-advancedbtn.kt-btns760_f6e3d5-6d .kt-btn-wrap-0 .kt-button:hover, .wp-block-kadence-advancedbtn.kt-btns760_f6e3d5-6d .kt-btn-wrap-0 .kt-button:focus{color:#ffffff;border-color:#444444;}.wp-block-kadence-advancedbtn.kt-btns760_f6e3d5-6d .kt-btn-wrap-0 .kt-button::before{display:none;}.wp-block-kadence-advancedbtn.kt-btns760_f6e3d5-6d .kt-btn-wrap-0 .kt-button:hover, .wp-block-kadence-advancedbtn.kt-btns760_f6e3d5-6d .kt-btn-wrap-0 .kt-button:focus{background:#444444;}<\/style>\n<div class=\"wp-block-kadence-advancedbtn kb-buttons-wrap kb-btns760_f6e3d5-6d\"><style>ul.menu .wp-block-kadence-advancedbtn .kb-btn760_afa169-aa.kb-button{width:initial;}<\/style><a class=\"kb-button kt-button button kb-btn760_afa169-aa kt-btn-size-standard kt-btn-width-type-auto kb-btn-global-fill kt-btn-has-text-true kt-btn-has-svg-false wp-block-kadence-singlebtn\" href=\"https:\/\/renacereditorial.cl\/index.php\/titulos\/\"><span class=\"kt-btn-inner-text\">volver<\/span><\/a><\/div>\n\n\n\n<p><\/p>\n","protected":false},"excerpt":{"rendered":"<p>Recuerdos de mi Infancia RECUERDOS DE MI INFANCIASuh-Yeen Rodr\u00edguez Esta hermosa historia, est\u00e1 basada en las vivencias de la infancia de la autora, Suh-Yeen Rodr\u00edguez, recuerdos inolvidables que fue atesorando una peque\u00f1a ni\u00f1a con el pasar de los a\u00f1os, y que hoy, en su adultez, la lleva a escribir este bello y ansiado libro, para&#8230;<\/p>\n","protected":false},"author":1,"featured_media":0,"parent":0,"menu_order":0,"comment_status":"closed","ping_status":"closed","template":"","meta":{"_kadence_starter_templates_imported_post":false,"_kad_post_transparent":"default","_kad_post_title":"hide","_kad_post_layout":"fullwidth","_kad_post_sidebar_id":"","_kad_post_content_style":"","_kad_post_vertical_padding":"hide","_kad_post_feature":"hide","_kad_post_feature_position":"","_kad_post_header":false,"_kad_post_footer":false,"footnotes":""},"class_list":["post-760","page","type-page","status-publish","hentry"],"_links":{"self":[{"href":"https:\/\/renacereditorial.cl\/index.php\/wp-json\/wp\/v2\/pages\/760","targetHints":{"allow":["GET"]}}],"collection":[{"href":"https:\/\/renacereditorial.cl\/index.php\/wp-json\/wp\/v2\/pages"}],"about":[{"href":"https:\/\/renacereditorial.cl\/index.php\/wp-json\/wp\/v2\/types\/page"}],"author":[{"embeddable":true,"href":"https:\/\/renacereditorial.cl\/index.php\/wp-json\/wp\/v2\/users\/1"}],"replies":[{"embeddable":true,"href":"https:\/\/renacereditorial.cl\/index.php\/wp-json\/wp\/v2\/comments?post=760"}],"version-history":[{"count":3,"href":"https:\/\/renacereditorial.cl\/index.php\/wp-json\/wp\/v2\/pages\/760\/revisions"}],"predecessor-version":[{"id":868,"href":"https:\/\/renacereditorial.cl\/index.php\/wp-json\/wp\/v2\/pages\/760\/revisions\/868"}],"wp:attachment":[{"href":"https:\/\/renacereditorial.cl\/index.php\/wp-json\/wp\/v2\/media?parent=760"}],"curies":[{"name":"wp","href":"https:\/\/api.w.org\/{rel}","templated":true}]}}